{"id":128,"date":"2026-01-28T17:59:05","date_gmt":"2026-01-28T17:59:05","guid":{"rendered":"https:\/\/ddolega.hosting24.pl\/qibalance\/?page_id=128"},"modified":"2026-03-16T20:54:28","modified_gmt":"2026-03-16T20:54:28","slug":"akupunktura-katowice-gabinet-qi-balance","status":"publish","type":"page","link":"https:\/\/qibalance.pl\/?page_id=128","title":{"rendered":"O mnie"},"content":{"rendered":"<div class=\"wp-block-image\">\n<figure class=\"alignleft size-medium is-resized\"><img loading=\"lazy\" decoding=\"async\" width=\"200\" height=\"300\" src=\"https:\/\/ddolega.hosting24.pl\/qibalance\/wp-content\/uploads\/2026\/02\/DD-qibalance-200x300.png\" alt=\"\" class=\"wp-image-246\" style=\"aspect-ratio:0.6666493046512839;width:200px;height:auto\" srcset=\"https:\/\/qibalance.pl\/wp-content\/uploads\/2026\/02\/DD-qibalance-200x300.png 200w, https:\/\/qibalance.pl\/wp-content\/uploads\/2026\/02\/DD-qibalance-683x1024.png 683w, https:\/\/qibalance.pl\/wp-content\/uploads\/2026\/02\/DD-qibalance-768x1152.png 768w, https:\/\/qibalance.pl\/wp-content\/uploads\/2026\/02\/DD-qibalance.png 1024w\" sizes=\"auto, (max-width: 200px) 100vw, 200px\" \/><\/figure>\n<\/div>\n\n\n<p>Nazywam si\u0119 <strong>Dagmara Do\u0142\u0119ga<\/strong> i jestem akupunkturzystk\u0105 oraz terapeutk\u0105 Tradycyjnej Medycyny Chi\u0144skiej. M\u00f3j <em><strong>Gabinet akupunktury i medycyny chi\u0144skiej<\/strong><\/em> <strong><em>Qi Balance<\/em><\/strong> to przestrze\u0144, w kt\u00f3rej wiedza spotyka si\u0119 ze spokojem, a tradycja z uwa\u017cnym, indywidualnym podej\u015bciem do cz\u0142owieka.<\/p>\n\n\n\n<div class=\"wp-block-group is-nowrap is-layout-flex wp-container-core-group-is-layout-ad2f72ca wp-block-group-is-layout-flex\">\n<p>Zanim wesz\u0142am na drog\u0119 Tradycyjnej Medycyny Chi\u0144skiej, przez wiele lat by\u0142am zwi\u0105zana ze \u015brodowiskiem akademickim i naukami \u015bcis\u0142ymi. Pracowa\u0142am w obszarze p\u00f3l magnetycznych i hipertermii. Ta droga nauczy\u0142a mnie precyzji, cierpliwo\u015bci w obserwowaniu procesu oraz odpowiedzialno\u015bci za to, co robi\u0119. Do dzi\u015b towarzyszy mi potrzeba rzetelno\u015bci i pracy opartej na wiedzy.<\/p>\n<\/div>\n\n\n\n<p>Z Tradycyjn\u0105 Medycyn\u0105 Chi\u0144sk\u0105 zetkn\u0119\u0142am si\u0119 pocz\u0105tkowo jako osoba poszukuj\u0105ca wsparcia dla w\u0142asnego organizmu. To do\u015bwiadczenie sprawi\u0142o, \u017ce jeszcze bardziej doceniam uwa\u017cno\u015b\u0107, bezpiecze\u0144stwo i znaczenie procesu w terapii.<\/p>\n\n\n\n<p>Z czasem odkry\u0142am podej\u015bcie, kt\u00f3re pozwala patrze\u0107 na cz\u0142owieka ca\u0142o\u015bciowo \u2014 uwzgl\u0119dniaj\u0105c jego rytm \u017cycia, napi\u0119cia i reakcje na stres.<\/p>\n\n\n\n<p>Dzi\u015b akupunktur\u0105 wspieram naturaln\u0105 zdolno\u015b\u0107 organizmu do samoregulacji i odzyskiwania r\u00f3wnowagi. Interesuje mnie cz\u0142owiek jako ca\u0142o\u015b\u0107 \u2014 jego cia\u0142o, napi\u0119cia, emocje i spos\u00f3b funkcjonowania w codzienno\u015bci. Nie skupiam si\u0119 wy\u0142\u0105cznie na objawie, lecz na szerszym obrazie funkcjonowania organizmu.<\/p>\n\n\n\n<p>Pomagam w przypadku b\u00f3lu, napi\u0119\u0107 mi\u0119\u015bniowych, dolegliwo\u015bci trawiennych, przewlek\u0142ego stresu oraz objaw\u00f3w wynikaj\u0105cych z d\u0142ugotrwa\u0142ego przeci\u0105\u017cenia organizmu. W terapii wykorzystuj\u0119 przede wszystkim akupunktur\u0119, a tak\u017ce moksoterapi\u0119, masa\u017c Gua Sha oraz terapi\u0119 ba\u0144kami \u2014 zawsze dobierane indywidualnie do potrzeb.<\/p>\n\n\n\n<p>Akupunktur\u0119 traktuj\u0119 jako metod\u0119 komplementarn\u0105 \u2014 wspieraj\u0105c\u0105 proces zdrowienia prowadzony pod opiek\u0105 lekarza. Opiera si\u0119 ona na naturalnych procesach samoregulacji organizmu, a jej zastosowania zosta\u0142y uwzgl\u0119dnione przez \u015awiatow\u0105 Organizacj\u0119 Zdrowia (WHO).<\/p>\n\n\n\n<p>Regularnie pog\u0142\u0119biam wiedz\u0119, uczestnicz\u0105c w kursach i szkoleniach oraz si\u0119gaj\u0105c do literatury i publikacji naukowych. \u0141\u0105cz\u0119 tradycyjne podej\u015bcie medycyny chi\u0144skiej z analitycznym spojrzeniem wyniesionym ze \u015brodowiska akademickiego.<\/p>\n\n\n\n<p>W gabinecie wa\u017cne s\u0105 dla mnie rozmowa, bezpiecze\u0144stwo i uwa\u017cna obecno\u015b\u0107. Pierwsza wizyta to rozmowa oraz ocena pulsu i j\u0119zyka, kt\u00f3re pozwalaj\u0105 dobra\u0107 odpowiedni plan terapii. <\/p>\n\n\n\n<p>Je\u015bli szukasz miejsca, w kt\u00f3rym wiedza \u0142\u0105czy si\u0119 ze spokojem \u2014 zapraszam do <em><strong>Qi Balance<\/strong><\/em>.<\/p>\n\n\n<div class=\"wp-block-image\">\n<figure class=\"aligncenter size-large is-resized\"><img loading=\"lazy\" decoding=\"async\" width=\"1024\" height=\"202\" src=\"https:\/\/ddolega.hosting24.pl\/qibalance\/wp-content\/uploads\/2026\/02\/linia-z-logo-QiBalance-green-1024x202.png\" alt=\"\" class=\"wp-image-277\" style=\"aspect-ratio:5.069621721977257;width:349px;height:auto\" srcset=\"https:\/\/qibalance.pl\/wp-content\/uploads\/2026\/02\/linia-z-logo-QiBalance-green-1024x202.png 1024w, https:\/\/qibalance.pl\/wp-content\/uploads\/2026\/02\/linia-z-logo-QiBalance-green-300x59.png 300w, https:\/\/qibalance.pl\/wp-content\/uploads\/2026\/02\/linia-z-logo-QiBalance-green-768x152.png 768w, https:\/\/qibalance.pl\/wp-content\/uploads\/2026\/02\/linia-z-logo-QiBalance-green-1536x303.png 1536w, https:\/\/qibalance.pl\/wp-content\/uploads\/2026\/02\/linia-z-logo-QiBalance-green-448x88.png 448w, https:\/\/qibalance.pl\/wp-content\/uploads\/2026\/02\/linia-z-logo-QiBalance-green.png 1688w\" sizes=\"auto, (max-width: 1024px) 100vw, 1024px\" \/><\/figure>\n<\/div>\n\n\n<p>Udzia\u0142 w kursach, szkoleniach i kongresach:<\/p>\n\n\n\n<ul class=\"wp-block-list\">\n<li><a href=\"https:\/\/qibalance.pl\/wp-content\/uploads\/2026\/03\/CCF_000020.pdf\">Kurs akupunktury (International School of Classical Acupuncture AcuArt) 2024-2026<\/a><br>(<a href=\"https:\/\/qibalance.pl\/wp-content\/uploads\/2026\/03\/AcuArt-dyplom-DD.png\">dyplom<\/a>)<\/li>\n\n\n\n<li><a href=\"https:\/\/qibalance.pl\/wp-content\/uploads\/2026\/03\/CCF_000019.pdf\">Zarz\u0105dzanie dziedziczn\u0105 traum\u0105 przy pomocy akupunktury (dr Hamid Montakab), 8 listopad 2025 r.<\/a><\/li>\n\n\n\n<li><a href=\"https:\/\/qibalance.pl\/wp-content\/uploads\/2026\/03\/CCF_000018.pdf\">Mi\u0119dzynarodowy Kongres Tradycyjnej Medycyny Chi\u0144skiej, Krak\u00f3w, 10-12 pa\u017adziernik 2025 r.<\/a><\/li>\n\n\n\n<li><a href=\"https:\/\/qibalance.pl\/wp-content\/uploads\/2026\/03\/CCF_000017.pdf\">Wsparcie pacjent\u00f3w onkologicznych &#8211; warsztaty mistrzowskie (Rani Ayal &#8211; International School of Classical Acupuncture AcuArt), Katowice, 17-20 lipiec 2025 r.<\/a><\/li>\n\n\n\n<li>Podstawy medycyny zachodniej dla terapeut\u00f3w medycyny chi\u0144skiej (lek. Pawe\u0142 Ziora, Instytut Medycyny Chi\u0144skiej i Profilaktyki Zdrowia), 216 godz. edukacyjnych<\/li>\n\n\n\n<li><a href=\"https:\/\/qibalance.pl\/wp-content\/uploads\/2026\/03\/CCF_000016.pdf\">Puls w diagnostyce i leczeniu medycyn\u0105 chi\u0144sk\u0105 (M. Koszyk, L.Ac. Dipl. O.M.) Krak\u00f3w, 22-24 wrze\u015bnia 2023 r.<\/a><\/li>\n\n\n\n<li><a href=\"https:\/\/qibalance.pl\/wp-content\/uploads\/2026\/03\/CCF_000006.pdf\">Chinese Proficiency Test &#8211; HSK2 (97,5%), 2017 r.<\/a><\/li>\n<\/ul>\n\n\n\n<p><\/p>\n\n\n\n<p><\/p>\n","protected":false},"excerpt":{"rendered":"<p>Nazywam si\u0119 Dagmara Do\u0142\u0119ga i jestem akupunkturzystk\u0105 oraz terapeutk\u0105 Tradycyjnej Medycyny Chi\u0144skiej. M\u00f3j Gabinet akupunktury i medycyny chi\u0144skiej Qi Balance to przestrze\u0144, w kt\u00f3rej wiedza &hellip;<\/p>\n","protected":false},"author":1,"featured_media":0,"parent":0,"menu_order":0,"comment_status":"closed","ping_status":"closed","template":"","meta":{"footnotes":""},"class_list":["post-128","page","type-page","status-publish","hentry"],"yoast_head":"<!-- This site is optimized with the Yoast SEO plugin v27.4 - https:\/\/yoast.com\/product\/yoast-seo-wordpress\/ -->\n<title>O mnie - Qi Balance<\/title>\n<meta name=\"description\" content=\"Akupunktura Katowice \u2013 pomoc przy stresie, napi\u0119ciu, b\u00f3lu i bezsenno\u015bci. Gabinet medycyny chi\u0144skiej Qi Balance. Um\u00f3w wizyt\u0119. Tel. 530 688 548\" \/>\n<meta name=\"robots\" content=\"index, follow, max-snippet:-1, max-image-preview:large, max-video-preview:-1\" \/>\n<link rel=\"canonical\" href=\"https:\/\/qibalance.pl\/?page_id=128\" \/>\n<meta property=\"og:locale\" content=\"pl_PL\" \/>\n<meta property=\"og:type\" content=\"article\" \/>\n<meta property=\"og:title\" content=\"O mnie - Qi Balance\" \/>\n<meta property=\"og:description\" content=\"Akupunktura Katowice \u2013 pomoc przy stresie, napi\u0119ciu, b\u00f3lu i bezsenno\u015bci. Gabinet medycyny chi\u0144skiej Qi Balance. Um\u00f3w wizyt\u0119. Tel. 530 688 548\" \/>\n<meta property=\"og:url\" content=\"https:\/\/qibalance.pl\/?page_id=128\" \/>\n<meta property=\"og:site_name\" content=\"Qi Balance\" \/>\n<meta property=\"article:modified_time\" content=\"2026-03-16T20:54:28+00:00\" \/>\n<meta property=\"og:image\" content=\"https:\/\/qibalance.pl\/wp-content\/uploads\/2026\/02\/DD-qibalance.png\" \/>\n\t<meta property=\"og:image:width\" content=\"1024\" \/>\n\t<meta property=\"og:image:height\" content=\"1536\" \/>\n\t<meta property=\"og:image:type\" content=\"image\/png\" \/>\n<meta name=\"twitter:card\" content=\"summary_large_image\" \/>\n<meta name=\"twitter:label1\" content=\"Szacowany czas czytania\" \/>\n\t<meta name=\"twitter:data1\" content=\"3 minuty\" \/>\n<script type=\"application\/ld+json\" class=\"yoast-schema-graph\">{\"@context\":\"https:\\\/\\\/schema.org\",\"@graph\":[{\"@type\":\"WebPage\",\"@id\":\"https:\\\/\\\/qibalance.pl\\\/?page_id=128\",\"url\":\"https:\\\/\\\/qibalance.pl\\\/?page_id=128\",\"name\":\"O mnie - Qi Balance\",\"isPartOf\":{\"@id\":\"https:\\\/\\\/qibalance.pl\\\/#website\"},\"primaryImageOfPage\":{\"@id\":\"https:\\\/\\\/qibalance.pl\\\/?page_id=128#primaryimage\"},\"image\":{\"@id\":\"https:\\\/\\\/qibalance.pl\\\/?page_id=128#primaryimage\"},\"thumbnailUrl\":\"https:\\\/\\\/ddolega.hosting24.pl\\\/qibalance\\\/wp-content\\\/uploads\\\/2026\\\/02\\\/DD-qibalance-200x300.png\",\"datePublished\":\"2026-01-28T17:59:05+00:00\",\"dateModified\":\"2026-03-16T20:54:28+00:00\",\"description\":\"Akupunktura Katowice \u2013 pomoc przy stresie, napi\u0119ciu, b\u00f3lu i bezsenno\u015bci. Gabinet medycyny chi\u0144skiej Qi Balance. Um\u00f3w wizyt\u0119. Tel. 530 688 548\",\"breadcrumb\":{\"@id\":\"https:\\\/\\\/qibalance.pl\\\/?page_id=128#breadcrumb\"},\"inLanguage\":\"pl-PL\",\"potentialAction\":[{\"@type\":\"ReadAction\",\"target\":[\"https:\\\/\\\/qibalance.pl\\\/?page_id=128\"]}]},{\"@type\":\"ImageObject\",\"inLanguage\":\"pl-PL\",\"@id\":\"https:\\\/\\\/qibalance.pl\\\/?page_id=128#primaryimage\",\"url\":\"https:\\\/\\\/ddolega.hosting24.pl\\\/qibalance\\\/wp-content\\\/uploads\\\/2026\\\/02\\\/DD-qibalance-200x300.png\",\"contentUrl\":\"https:\\\/\\\/ddolega.hosting24.pl\\\/qibalance\\\/wp-content\\\/uploads\\\/2026\\\/02\\\/DD-qibalance-200x300.png\"},{\"@type\":\"BreadcrumbList\",\"@id\":\"https:\\\/\\\/qibalance.pl\\\/?page_id=128#breadcrumb\",\"itemListElement\":[{\"@type\":\"ListItem\",\"position\":1,\"name\":\"Strona g\u0142\u00f3wna\",\"item\":\"https:\\\/\\\/qibalance.pl\\\/\"},{\"@type\":\"ListItem\",\"position\":2,\"name\":\"O mnie\"}]},{\"@type\":\"WebSite\",\"@id\":\"https:\\\/\\\/qibalance.pl\\\/#website\",\"url\":\"https:\\\/\\\/qibalance.pl\\\/\",\"name\":\"Qi Balance\",\"description\":\"Akupunktura w Katowicach wspieraj\u0105ca organizm w stresie, b\u00f3lu, bezsenno\u015bci i zm\u0119czeniu.\",\"publisher\":{\"@id\":\"https:\\\/\\\/qibalance.pl\\\/#organization\"},\"potentialAction\":[{\"@type\":\"SearchAction\",\"target\":{\"@type\":\"EntryPoint\",\"urlTemplate\":\"https:\\\/\\\/qibalance.pl\\\/?s={search_term_string}\"},\"query-input\":{\"@type\":\"PropertyValueSpecification\",\"valueRequired\":true,\"valueName\":\"search_term_string\"}}],\"inLanguage\":\"pl-PL\"},{\"@type\":\"Organization\",\"@id\":\"https:\\\/\\\/qibalance.pl\\\/#organization\",\"name\":\"Qi Balance\",\"url\":\"https:\\\/\\\/qibalance.pl\\\/\",\"logo\":{\"@type\":\"ImageObject\",\"inLanguage\":\"pl-PL\",\"@id\":\"https:\\\/\\\/qibalance.pl\\\/#\\\/schema\\\/logo\\\/image\\\/\",\"url\":\"https:\\\/\\\/qibalance.pl\\\/wp-content\\\/uploads\\\/2026\\\/02\\\/cropped-QiBalance-logo-zlote-1.png\",\"contentUrl\":\"https:\\\/\\\/qibalance.pl\\\/wp-content\\\/uploads\\\/2026\\\/02\\\/cropped-QiBalance-logo-zlote-1.png\",\"width\":512,\"height\":512,\"caption\":\"Qi Balance\"},\"image\":{\"@id\":\"https:\\\/\\\/qibalance.pl\\\/#\\\/schema\\\/logo\\\/image\\\/\"}}]}<\/script>\n<!-- \/ Yoast SEO plugin. -->","yoast_head_json":{"title":"O mnie - Qi Balance","description":"Akupunktura Katowice \u2013 pomoc przy stresie, napi\u0119ciu, b\u00f3lu i bezsenno\u015bci. Gabinet medycyny chi\u0144skiej Qi Balance. Um\u00f3w wizyt\u0119. Tel. 530 688 548","robots":{"index":"index","follow":"follow","max-snippet":"max-snippet:-1","max-image-preview":"max-image-preview:large","max-video-preview":"max-video-preview:-1"},"canonical":"https:\/\/qibalance.pl\/?page_id=128","og_locale":"pl_PL","og_type":"article","og_title":"O mnie - Qi Balance","og_description":"Akupunktura Katowice \u2013 pomoc przy stresie, napi\u0119ciu, b\u00f3lu i bezsenno\u015bci. Gabinet medycyny chi\u0144skiej Qi Balance. Um\u00f3w wizyt\u0119. Tel. 530 688 548","og_url":"https:\/\/qibalance.pl\/?page_id=128","og_site_name":"Qi Balance","article_modified_time":"2026-03-16T20:54:28+00:00","og_image":[{"width":1024,"height":1536,"url":"https:\/\/qibalance.pl\/wp-content\/uploads\/2026\/02\/DD-qibalance.png","type":"image\/png"}],"twitter_card":"summary_large_image","twitter_misc":{"Szacowany czas czytania":"3 minuty"},"schema":{"@context":"https:\/\/schema.org","@graph":[{"@type":"WebPage","@id":"https:\/\/qibalance.pl\/?page_id=128","url":"https:\/\/qibalance.pl\/?page_id=128","name":"O mnie - Qi Balance","isPartOf":{"@id":"https:\/\/qibalance.pl\/#website"},"primaryImageOfPage":{"@id":"https:\/\/qibalance.pl\/?page_id=128#primaryimage"},"image":{"@id":"https:\/\/qibalance.pl\/?page_id=128#primaryimage"},"thumbnailUrl":"https:\/\/ddolega.hosting24.pl\/qibalance\/wp-content\/uploads\/2026\/02\/DD-qibalance-200x300.png","datePublished":"2026-01-28T17:59:05+00:00","dateModified":"2026-03-16T20:54:28+00:00","description":"Akupunktura Katowice \u2013 pomoc przy stresie, napi\u0119ciu, b\u00f3lu i bezsenno\u015bci. Gabinet medycyny chi\u0144skiej Qi Balance. Um\u00f3w wizyt\u0119. Tel. 530 688 548","breadcrumb":{"@id":"https:\/\/qibalance.pl\/?page_id=128#breadcrumb"},"inLanguage":"pl-PL","potentialAction":[{"@type":"ReadAction","target":["https:\/\/qibalance.pl\/?page_id=128"]}]},{"@type":"ImageObject","inLanguage":"pl-PL","@id":"https:\/\/qibalance.pl\/?page_id=128#primaryimage","url":"https:\/\/ddolega.hosting24.pl\/qibalance\/wp-content\/uploads\/2026\/02\/DD-qibalance-200x300.png","contentUrl":"https:\/\/ddolega.hosting24.pl\/qibalance\/wp-content\/uploads\/2026\/02\/DD-qibalance-200x300.png"},{"@type":"BreadcrumbList","@id":"https:\/\/qibalance.pl\/?page_id=128#breadcrumb","itemListElement":[{"@type":"ListItem","position":1,"name":"Strona g\u0142\u00f3wna","item":"https:\/\/qibalance.pl\/"},{"@type":"ListItem","position":2,"name":"O mnie"}]},{"@type":"WebSite","@id":"https:\/\/qibalance.pl\/#website","url":"https:\/\/qibalance.pl\/","name":"Qi Balance","description":"Akupunktura w Katowicach wspieraj\u0105ca organizm w stresie, b\u00f3lu, bezsenno\u015bci i zm\u0119czeniu.","publisher":{"@id":"https:\/\/qibalance.pl\/#organization"},"potentialAction":[{"@type":"SearchAction","target":{"@type":"EntryPoint","urlTemplate":"https:\/\/qibalance.pl\/?s={search_term_string}"},"query-input":{"@type":"PropertyValueSpecification","valueRequired":true,"valueName":"search_term_string"}}],"inLanguage":"pl-PL"},{"@type":"Organization","@id":"https:\/\/qibalance.pl\/#organization","name":"Qi Balance","url":"https:\/\/qibalance.pl\/","logo":{"@type":"ImageObject","inLanguage":"pl-PL","@id":"https:\/\/qibalance.pl\/#\/schema\/logo\/image\/","url":"https:\/\/qibalance.pl\/wp-content\/uploads\/2026\/02\/cropped-QiBalance-logo-zlote-1.png","contentUrl":"https:\/\/qibalance.pl\/wp-content\/uploads\/2026\/02\/cropped-QiBalance-logo-zlote-1.png","width":512,"height":512,"caption":"Qi Balance"},"image":{"@id":"https:\/\/qibalance.pl\/#\/schema\/logo\/image\/"}}]}},"_links":{"self":[{"href":"https:\/\/qibalance.pl\/index.php?rest_route=\/wp\/v2\/pages\/128","targetHints":{"allow":["GET"]}}],"collection":[{"href":"https:\/\/qibalance.pl\/index.php?rest_route=\/wp\/v2\/pages"}],"about":[{"href":"https:\/\/qibalance.pl\/index.php?rest_route=\/wp\/v2\/types\/page"}],"author":[{"embeddable":true,"href":"https:\/\/qibalance.pl\/index.php?rest_route=\/wp\/v2\/users\/1"}],"replies":[{"embeddable":true,"href":"https:\/\/qibalance.pl\/index.php?rest_route=%2Fwp%2Fv2%2Fcomments&post=128"}],"version-history":[{"count":13,"href":"https:\/\/qibalance.pl\/index.php?rest_route=\/wp\/v2\/pages\/128\/revisions"}],"predecessor-version":[{"id":415,"href":"https:\/\/qibalance.pl\/index.php?rest_route=\/wp\/v2\/pages\/128\/revisions\/415"}],"wp:attachment":[{"href":"https:\/\/qibalance.pl\/index.php?rest_route=%2Fwp%2Fv2%2Fmedia&parent=128"}],"curies":[{"name":"wp","href":"https:\/\/api.w.org\/{rel}","templated":true}]}}